) = -x - 7. Let r be z(-6). Let y(n) = -31*n**2 - 2. Let b = 15 - 9. Let w(t) = 16*t**2 + 1. Let o(d) = b*y(d) + 11*w(d). Give o(r).
-11
Let b(j) = -j**3 - 12*j**2. Let y(l) = -3*l**3 + 81*l**2 + 82*l + 44. Let s be y(28). What is b(s)?
0
Suppose -3*l = 4*q + 8, -6*q = -q + 25. Let o(y) = -3 - 16*y + 2 + 3 + 31*y + 4*y - 17*y. Determine o(l).
10
Let u(x) = x + 5. Let s(c) = 4*c + 16. Let y = 36 - 34. Let n(i) = y*s(i) - 7*u(i). Let v(l) = -l**3 - 9*l**2 - 7*l + 8. Let a be v(-8). Determine n(a).
-3
Let i(m) = 78*m - 44*m - 2 - 35*m. Let d(z) be the second derivative of -z**4/12 + 2*z**3/3 + z**2 + 2*z. Let j be d(5). Give i(j).
1
Let z = -19 - 4. Let g = z - -32. Let v(n) = -g*n + n**2 + 14*n - 2 - 4*n. Give v(-4).
10
Let a(p) = 6 - 2*p - 4 + 3*p. Suppose -15*h + 6595 = 6565. Calculate a(h).
4
Let f(h) = 73 + 114 + 9*h - 14 - 35. Let l be f(-16). Let g(z) = 4 + 5 - 2*z + 3*z - 1. Give g(l).
2
Let y(g) be the first derivative of -3*g + 77 + 1/2*g**2. Determine y(-5).
-8
Let q(h) = h. Let s(p) = 8*p + 42. Let r be s(-5). Suppose 14 = 4*b - r*b + 3*o, -o = -3*b + 21. Calculate q(b).
7
Let r(m) be the third derivative of -2*m**4/3 + 73*m**3/3 - 1151*m**2. Give r(9).
2
Let w(t) = -t - 2. Let b(i) = -7*i - 38 + 80 - 34 - 33. Let g be b(-4). What is w(g)?
-5
Let c(l) = -l - 1. Let n(i) = -2 + 130*i**2 + 3*i - 4 - 131*i**2. Let a(f) = -3*f**2 + 10*f - 17. Let r(x) = -4*a(x) + 11*n(x). Let w be r(7). Give c(w).
-3
Let x(o) = -5*o**2 - 2*o - 5. Let u(p) be the third derivative of 7*p**5/60 + p**4/12 + 2*p**3/3 - 85*p**2. Let l(d) = 2*u(d) + 3*x(d). Calculate l(0).
-7
Let a(w) = -428*w + 122*w + 147*w + 156*w + 1. Let f(k) = k**3 + 4*k**2 + 2*k - 2. Let q be f(-2). Suppose q*r = -4*l + 18, r + 5*l = 11 + 4. Calculate a(r).
-14
Let s(q) = -84*q**3 - 90*q**3 + 256*q**3 - 26 - 2*q**2 - 83*q**3 + 3*q**2. Give s(0).
-26
Let d(y) = y + 5. Let k = -156 + 160. Let l(r) = 10*r - 44. Let c be l(k). Give d(c).
1
Suppose -2*z + 585 - 189 = p, -195 = -z - 2*p. Let m(k) = -z*k - 1 + 1 + 197*k. Let u be 1/(-2)*(-8)/4. What is m(u)?
-2
Let p(d) = d**3 + 8*d**2 - 8*d + 16. Let c be p(-10). Let a = -107 - c. Let w(g) = g - 5*g - 1 + g. Give w(a).
8
Let s(v) be the first derivative of -v**3/3 - 7*v**2 + 2*v - 1. Let k = 304078 + -304093. What is s(k)?
-13
Let f = -12 - -17. Suppose z - 19 = f*z - t, 2*z + 17 = -t. Let v(j) be the first derivative of -j**4/4 - 2*j**3 + j**2/2 + 7*j - 1. Calculate v(z).
1
Let a(j) = -j + 1. Let q = 81 - 72. Let o be 2/1*q/6. Suppose -d - 8 = -5*d + 2*u, -o*u = 0. What is a(d)?
-1
Let x(k) = 4*k**2 - 2*k - 4. Let g(m) = 10*m**2 - 5*m - 11. Let d(l) = -5*g(l) + 13*x(l). Calculate d(-3).
24
Let v(r) be the third derivative of 0*r + 4/3*r**3 + 1/2*r**4 - 56*r**2 - 1/60*r**5 + 0. What is v(13)?
-5
Let s = -18250 - -18245. Let d(p) = -5*p - 4. Let t(r) = -26*r - 20. Let u be 3/(-3) + (-1 - 0). Let z(c) = u*t(c) + 11*d(c). What is z(s)?
11
Suppose -53*g + 192 = -49*g. Let x(v) = 4*v**2 + g - 3*v - 87 + 35 + v**3. What is x(-4)?
8
Let s(h) = -h**3 + 35*h**2 + 37*h - 35. Let q be s(36). Let m(k) = -q - 22*k + 10*k + 14*k. Let f be (-1)/(3*(-2)/(-12)). Give m(f).
-5
Let l(t) = -t**3 - 6*t**2 + 2*t + 3. Let r(o) = o**2 + o. Let y(v) = l(v) + r(v). Let d = -506 - -501. Calculate y(d).
-12
Let r = -2891/6 + 482. Let o(f) be the second derivative of 13*f + 0 + r*f**3 - 7/2*f**2. What is o(6)?
-1
Let b(f) = -866 - 3*f + 293 + 282 - 18*f**2 + 288. Determine b(-1).
-18
Suppose 1 = -4*j + 5*c - 12, c - 5 = 0. Let t(y) = 3*y**2 + 10*y + 9. Let f(n) = -2 - 2 - 4 - n**2 - 8*n + 1 - n**2. Let i(x) = -4*f(x) - 3*t(x). Give i(j).
-2
Let t(q) = -q - 11. Let r(g) = -1. Let z(v) = -r(v) + t(v). Let a(y) = -y**2 + 12*y + 103. Let w be a(18). What is z(w)?
-5
Let s be (-432)/324 + 50/6. Let v(k) = -k**3 + 5*k**2 - 2*k - 1. Calculate v(s).
-113
Let c = -539 + 532. Let x(r) = -r**3 - 6*r**2 + 11*r + 21. Let i be x(c). Let f(l) = l**3 + 7*l**2 - l - 9. What is f(i)?
-2
Let m be 4/3*(-279)/(-186). Let j be ((-375)/225)/(m/(-6)). Let d(w) = 2 + 3*w + 0*w - 9*w + w**2. What is d(j)?
-3
Let g(p) be the first derivative of 2*p**2 + 30*p - 5725. Determine g(6).
54
Let b be (-30)/8*48/(-36). Let z be (b/4)/((-6)/(-336)*7). Let h(n) = 2*n - 7. Give h(z).
13
Let f(k) = -28*k + 21. Let q be (-40)/140*7/(-2). Let c(g) = -g + 1. Let b(p) = q*f(p) - 21*c(p). Suppose -7 + 36 = 29*y. Determine b(y).
-7
Let n = -323 - -291. Let q be 1 + n/56 + (-78)/(-14). Let x(i) = i**2 - 6*i + 9. Give x(q).
9
Let g(z) = -27*z - 19. Let b(d) = -20*d - 12. Let p(f) = 4*b(f) - 3*g(f). Determine p(-22).
-13
Let s(u) be the second derivative of -5/12*u**4 - 3*u**2 + 1/3*u**3 + 0 + 156*u + 1/20*u**5. Determine s(5).
4
Let u(x) be the second derivative of -x**3/6 - 4*x**2 - 15889*x. Suppose 0 = -7*r + 2*r. Calculate u(r).
-8
Let n(v) = -12*v**2 - 2*v + 4. Suppose 27*h - 2*h - 102 = -9*h. Calculate n(h).
-110
Let u(c) = 44*c**2 - 91*c + 3. Let t be u(2). Let j(z) = 2*z**3 + z**2 + 3*z + 2. Calculate j(t).
-52
Let l(c) be the third derivative of -c**4/8 + 7*c**3/6 - 2*c**2. Let q be -5*(-32)/(-360)*-9. Let k be l(q). Let j(d) = 2*d + 5. What is j(k)?
-5
Let u(p) = -570*p + 12. Let c(m) = -24*m + 1. Let n(x) = 24*c(x) - u(x). What is n(2)?
0
Suppose 0 = x - 5 - 7. Let h(t) be the second derivative of -1/12*t**4 - 7*t**2 - 42*t - 1 + 7/3*t**3. What is h(x)?
10
Let c(t) = t**2 - 21*t + 110. Suppose 228*u + 1014 = 306*u. Determine c(u).
6
Let b(w) = 6*w - 12. Let t be (0 - 12)/((-152)/76). Calculate b(t).
24
Let o(z) = 3 - 103*z - 7 + 61*z + 43*z. What is o(0)?
-4
Let p(c) = c**3 - 23*c**2 + 61*c - 14. Let l be p(20). Let t(d) = l*d - 5*d + d - 9. Give t(5).
1
Let m(x) be the first derivative of -x**2 - 6*x + 1. Let t be (32/(-20) - -2)/(9/90). Suppose t*h + 5 = 5*c, -3*h - 2*c + 4 = -5*h. Determine m(h).
4
Let l = 104 - 101. Let t(w) = -2*w**2 - 1 - l + 8 + 3*w - 6. Calculate t(3).
-11
Let t(w) be the second derivative of -w**4/12 - 2*w**3/3 - 9*w**2/2 + 2362*w. Determine t(-2).
-5
Let r(t) = 97*t - 174. Let d(j) = 232*j - 432. Let a(n) = 5*d(n) - 12*r(n). What is a(-14)?
-16
Let w(n) = 4*n**2 - n - 1. Suppose q = -5*x + 31, 0*x = -3*q - x + 37. Suppose 12*m - q*m = 4. Let u(c) = c**2 - 7*c + 11. Let k be u(m). Give w(k).
4
Let c(z) = 392 - z**2 + 455*z - 472*z - 375. Calculate c(-19).
-21
Let d(h) = 204*h - 276. Let g(w) = 115*w - 138. Let a(l) = 3*d(l) - 5*g(l). What is a(4)?
10
Let b(a) = 6*a - 175. Let w = -12383 - -12413. Give b(w).
5
Let a(x) = -x**2 - 4*x. Let d(g) = -5*g**2 - 27*g + 33. Let n(v) = -4*a(v) + d(v). Determine n(-15).
-27
Let n(t) be the second derivative of -t**4/12 + 5*t**3/6 + t**2 + 4*t + 798. Let u(v) = v**2 - 2*v + 2. Let g be u(3). Give n(g).
2
Let h be -3*((-399)/285)/(6/(-10)*-1). Let f(x) = x**2 + x - 32. Give f(h).
24
Let p(c) = -c - 9. Let n(y) = -6*y - 155. Let o(j) = n(j) - 2*p(j). Calculate o(-33).
-5
Let r(m) = 2. Let b(c) = 3*c - 1. Let s(x) = 16*x - 4. Let p(y) = 5*b(y) - s(y). Let a(w) = p(w) + 3*r(w). Calculate a(7).
-2
Let k(p) = -3*p + 12. Let m = -349 + 514. Let t = m + -159. Give k(t).
-6
Let y(z) = z**2 - 1. Let n be y(2). Let x(o) = 6*o**3 - 5*o**2 + 2. Let r be x(1). Let t(h) = -h**r - 1 + 5*h**2 + 2*h**3 + 3*h + h**n - h**3. Determine t(-3).
8
Let u(k) = -k**3 - 36*k**2 + 2*k. Let p(s) = -5*s**3 - 209*s**2 + 16*s + 10. Let n(v) = p(v) - 6*u(v). Let o be ((-14)/(-4))/(9/(-18)). Give n(o).
-18
Let d be ((-39)/(-15) + -3)*-25. Let x(h) = 9*h**2 + 10*h - 23. Let p(a) = 2*a**2 - 4. Let v(o) = -5*p(o) + x(o). Determine v(d).
-3
Let x(t) be the first derivative of 74 - 12*t + 1/2*t**2. Calculate x(6).
-6
Let p(t) = -t + 8. Suppose 25*s = 30*s - 20. Let c = 9 - -7. Suppose s*h = 4*i + c, -i + 4 = i. Calculate p(h).
2
Let z = -14844 + 14835. Let o(g) = -11*g - 67. What is o(z)?
32
Suppose -3*q = 3*d - 7*q - 23, -3*d - 3*q + 30 = 0. Let i(t) = -218*t**2 + t + 5*t - d + 2*t + 212*t**2 - t**3. Calculate i(-7).
-16
Let l(p) be the third derivative of -p**4/8 + 55*p**3/2 - p**2 - 51*p - 16. What is l(0)?
165
Let a(p) = p**3 - 3*p**2 - 4*p - 1. Let x = -339 + 339. Suppose -q - 5 + 10 = x. What is a(q)?
29
Let b(j) be the second derivative of -44 - j**2 - j + 1/6*j**3 - 1/12*j**4. Calculate b(4).
-14
Let l = -81501 + 81506. Let q(v) be the third derivative of v**6/120 - v**5/1